 = -2*w - 1. Calculate s(l).
7
Let m(z) be the third derivative of 0*z + 1/6*z**4 - 1/120*z**6 - z**2 + 1/2*z**3 + 0 + 1/60*z**5. Determine m(-2).
7
Let q(r) = r**3 - 6*r**2 + r - 5. Let s(i) = -10*i + 6 - 6*i**2 + i**3 - 5*i**2 + 2*i**2. Let h be s(10). What is q(h)?
1
Let r(p) = -p**3 - p**2 + 1. Let o(t) = t**2 + 16*t + 15. Let q be o(-15). Calculate r(q).
1
Let z(v) = -v**2 + v - 6. Let r be z(0). Let o(n) = -n**2 - 5*n + 1. What is o(r)?
-5
Suppose 3*a = 15, -v - 4*v = -5*a + 60. Let y be (-2)/(-4 + 2)*v. Let f = y - -10. Let z(i) = -i**2 + 4. Calculate z(f).
-5
Let g(p) = -5*p + 8. Let a(l) = 4*l - 7. Let m(x) = 7*a(x) + 6*g(x). Give m(2).
-5
Let f(t) = -3*t + 1. Suppose c + 5*z = -14, -c + 4*z + 14 - 1 = 0. Determine f(c).
-2
Let l(r) = -r**3 - 6*r**2 - 5*r - 4. Suppose -2*d - 32 = -0*d. Let z = 11 + d. Calculate l(z).
-4
Let l(o) = -3*o + 15. Let v(y) = -4*y + 16. Let t(a) = 5*l(a) - 4*v(a). Determine t(-9).
2
Let d(z) = -2*z**2 - 6*z + 3. Let o(t) = -t**2 - 3*t + 1. Let u(b) = -3*d(b) + 5*o(b). What is u(-5)?
6
Let g(r) = 5*r**2 + 2*r + 1. Let y = 25 + -26. Determine g(y).
4
Let l(y) = -y. Let o(z) = -z**2 - 7*z + 3. Let a(k) = -5*l(k) + o(k). Calculate a(2).
-5
Let u = -2 - 2. Let l(j) = j**2 + 7*j + 6. Give l(u).
-6
Let c = 13 - 11. Let z be 9/c + (-33)/22. Let p(w) = -5*w + 6. Let n(h) = -14*h + 17. Let v(i) = -6*n(i) + 17*p(i). What is v(z)?
-3
Let o(m) = 0*m - 142 + m**2 + 3*m**2 + 140 + 3*m + m**3. Give o(-3).
-2
Suppose 7 + 7 = -g. Let m be (21/g)/((-3)/4). Let u(i) = i**3 + i**2 - 6*i - 3. Let j(k) = k**3 - 5*k - 2. Let x(f) = 5*j(f) - 4*u(f). Determine x(m).
-8
Let u(b) be the first derivative of b**2 + b + 22. Suppose 2*s - 4*s - 8 = 0. Give u(s).
-7
Let g(s) = s + 4. Suppose 0*v = 3*v - 12. Suppose -n = v*n. Suppose 5*l + 4*b + 29 = -n*b, -5*l - b = 26. Determine g(l).
-1
Let a(z) = -z + 11. Let x be a(7). Let d(i) = -i**3 + 3*i**2 + 6*i - 6. Determine d(x).
2
Let l = -7 + 5. Let c(h) = 2 + 11*h - 5*h - 3*h + h**2. Determine c(l).
0
Let z be -2*(4 + 0 + -2). Let r(g) = -g**2 - 4*g + 3. Determine r(z).
3
Let m(u) = -2*u - 7. Let w be m(-5). Let a(l) = w*l - 3*l**2 + 4*l**2 - 2*l**2 + 1. Suppose -b = -v + 9, 3*b - b = 3*v - 22. What is a(v)?
-3
Suppose 3*p - 5 = 10. Let j(q) = -q**3 + 7*q**2 - 7*q. Determine j(p).
15
Suppose 3*u = 2*u + 7. Let h(v) = 5*v - u + 3 + 2 - v**2. Let k(y) = -y**2 + 6*y - 1. Let f be k(5). Calculate h(f).
2
Let w(x) = x + 11. Suppose -52 = -4*n - 0*n. Let l = 5 - n. Calculate w(l).
3
Let q(a) = -a**2 + 2*a. Let o be ((-8)/14)/((-4)/14). Suppose 25 = 3*f + o*f. Suppose -f*g = -0*g - 5. What is q(g)?
1
Let q be (-1)/9 + (-12)/(-108). Let z(a) = -5*a - 3. Let d(n) = 4*n + 3. Let w(b) = 4*d(b) + 3*z(b). Give w(q).
3
Let l(g) = -14*g - 8. Let s(p) = 5*p + 3. Let d(m) = 3*l(m) + 8*s(m). Determine d(-1).
2
Let h(m) be the first derivative of -m - 2. Let d(c) = c - 10. Let b(x) = -d(x) + 4*h(x). Give b(6).
0
Let w(f) = 3*f**3 - 5*f**2 + 6*f - 1. Let o(m) = -6*m**3 + 9*m**2 - 11*m + 2. Let p(g) = -6*o(g) - 11*w(g). Determine p(1).
3
Let v(m) = m**2 - 7*m + 5. Let l be (-4)/((-4)/(-9))*1. Let w be 2/l + (-141)/(-27). Suppose -12 = -4*b + 2*k, -4*b - 2*k = -w*b. What is v(b)?
-7
Let o(a) = a**3 - 4*a**2 + a - 3. Suppose 2*p - 6*p - m = -11, -4*p = 3*m - 1. Calculate o(p).
1
Let a(r) = r**3 + 3*r**2 - 11*r - 9. Let n be a(-5). Let g(f) = -f - 8. Give g(n).
-4
Let v = 273 + -273. Let g(r) = -2*r**2 + 2*r. Let k(c) = -c**2 + c. Let n(b) = -3*g(b) + 5*k(b). Give n(v).
0
Let p(z) = 3*z**2 + z. Let k be p(1). Let y be 1*3 - (-2)/(-2). Let x = k - y. Let o(s) = 4*s + 1. What is o(x)?
9
Let t(s) = s**2 - 7*s + 7. Suppose -l - 3*i - 2 = 0, 2*l + i = -3*l + 32. Give t(l).
7
Let b(k) = -k - 1. Let a(x) = 6*x - 6. Let r(h) = 6*h - 5. Let p = -6 + 13. Let f(s) = p*r(s) - 6*a(s). Let t be f(-1). What is b(t)?
4
Let b(x) = x**3 - 19*x**2 - 16*x + 1. Let z(a) = 6*a**2 + 5*a. Let n(d) = -2*b(d) - 7*z(d). Let s be (-11)/33 + (-10)/6. Calculate n(s).
4
Let f(k) = -k**3 + 3*k**2 + 2*k + 1. Let m(c) = c**2 - c + 4. Let j be m(0). Suppose 2*v + j*t - 16 = 0, 0 = v - t - 4*t + 6. What is f(v)?
-7
Let t = 71/6 - 707/60. Let a(q) be the second derivative of -5/12*q**4 + 0 - 1/3*q**3 + 3*q - 3/2*q**2 - t*q**5. Give a(-4).
-11
Suppose 2*f - 7*f = -25. Suppose f*n - 284 + 93 = 3*i, 0 = -4*n - 2*i + 144. Suppose n = 5*g + 12. Let v(a) = a**3 - 6*a**2 + 7*a + 2. Give v(g).
12
Let l = -57 + 61. Let d(r) be the second derivative of -r**4/12 + 2*r**3/3 + 2*r**2 + r. Determine d(l).
4
Let n(c) = -c**2 - 2*c - 1. Let m be (0 - 1)/((-2)/4). Suppose -2 + 0 = -m*u. Let d = u + -2. Give n(d).
0
Let j(p) = p - 3. Let l(g) be the second derivative of -g**4/12 - g**2/2 + g. Let c = -20 - -22. Let r be l(c). Determine j(r).
-8
Let k(u) = u**3 - 6*u**2 - u + 1. Let f = -10 + 56. Let z = f + -33. Let l = z - 7. Determine k(l).
-5
Let f(z) = -z**3 - z**2 + z. Let x(m) = m**3 + 3*m**2 - m + 3. Suppose 3*g + 2 = 5*g. Let j(o) = g*x(o) + 2*f(o). Suppose -3*w = w - 3*w. Calculate j(w).
3
Suppose 0 = 3*c + c + 4. Let l(k) = -k**3 + 2*k**2 + 2*k + 1. Give l(c).
2
Let y(z) = 4*z**2 - z + 4. Let v(l) = 5*l**2 - 2*l + 4. Let c(u) = -2*v(u) + 3*y(u). Calculate c(-3).
19
Suppose 0 = -i + 2. Suppose -n + 40 = 5*g, -5*g = i*n - 6*n - 65. Suppose -g = 5*q - 2*q. Let r(h) = 3*h + 2. Calculate r(q).
-7
Suppose -3*l - 2 = -4*l. Let i(h) = 4*h - 1 - 3 - l - 3*h + h**2. Let u be (0/(-1 - 0))/(-1). Calculate i(u).
-6
Let r(o) = -o**3 + 7*o**2 + 8*o + 3. Let j be r(8). Suppose 0 = i + j*i. Let v(t) = -4*t + t**3 + 2 + t + t**2 + 2*t. Determine v(i).
2
Suppose -3*b = 85 - 70. Let y(g) = g**3 + 6*g**2 + 5*g + 2. What is y(b)?
2
Let f(x) = -15 - 4 + 18*x + 3. Let r be (-31)/(-2) - (25/10 - 3). Let n(m) = 6*m - 5. Let y(l) = r*n(l) - 5*f(l). Determine y(-1).
-6
Let o(m) = -13*m**2 - 2*m. Let j(q) = 6*q**2 + q. Let c = -11 + 15. Let p(h) = c*o(h) + 7*j(h). Suppose 3*k - 2*s + 5*s = -18, 0 = 3*s + 15. Calculate p(k).
-9
Let z(p) = -p**3 + p. Let c(j) = -4*j**3 + j**2 + 6*j + 1. Let x(k) = -c(k) + 6*z(k). Calculate x(-2).
11
Let j be ((-2)/(-3))/((-2)/(-3)). Let q(t) = 1 + t**2 - 5*t + j + 4*t. Suppose -4*b - 4 = -12. Give q(b).
4
Let a be 2/(-10) + (-24)/5. Suppose 8 + 8 = 4*f. Let y(z) = -4 + 2 + z + f. What is y(a)?
-3
Suppose -b = 2*b - 3. Let r(q) be the first derivative of -2*q**2 - 4. What is r(b)?
-4
Let u(c) be the first derivative of -c**2/2 + c + 4. Let s(z) = -2*z - 4. Let g(d) = -s(d) - 3*u(d). Let h = -2 - -1. Calculate g(h).
-4
Let j(l) = -5*l - 6*l + 4 + 3*l + 4*l. What is j(3)?
-8
Let g(p) = 6*p**2 + 10*p + 4. Let r be (-2)/(-6)*1*18. Suppose 24 = 5*y - r. Let f(x) = -7*x**2 - 11*x - 4. Let q(z) = y*g(z) + 5*f(z). Calculate q(-4).
0
Let c = 119 - 125. Let n(t) = -2*t - 2. Give n(c).
10
Suppose -21 = -2*d - 5*j, -2*d + 4*j = 10 - 4. Let w(y) = -3*y**2 - d + 2 - y**3 + 0 + 0*y**3. Determine w(-2).
-5
Let c(t) be the first derivative of -t**4/4 - 4*t**3/3 - t**2 + 4*t + 6. Give c(-3).
1
Let a(n) = 4 - 3 - 3*n - 3 + 6. Determine a(4).
-8
Let q(s) = -4*s - 14. Let n(j) = j - 35. Let w(o) = -o + 18. Let m(p) = 4*n(p) + 7*w(p). Let u(c) = -5*m(c) + 4*q(c). Calculate u(6).
8
Let m(z) = z**2 - 4*z + 2. Suppose 21 = b + 5*t, -16 = -5*b - t + 17. Suppose -b*r = -2*r - 40. Let f = r - 5. What is m(f)?
7
Let f(w) be the second derivative of w**3/2 - 2*w**2 - w. Suppose -5*o + 32 = -2*o + 4*v, 0 = 3*o + v - 17. Give f(o).
8
Let s(t) be the third derivative of t**5/60 + 3*t**4/8 - 4*t**3/3 + t**2. Give s(-7).
-22
Let l be 3/(-2)*(-2)/3. Suppose 2*g + 5 = -l. Let a(n) = 2*n**2 - 10*n + 5*n - 1 - 3*n**2. Calculate a(g).
5
Let c(z) = -17*z - 6 + 18*z + 3 - 6. What is c(0)?
-9
Let z(a) = -a**2 - 4. Let p(q) = -3*q**2 - q - 6. Let d(o) = -p(o) + 2*z(o). Suppose -2*i - 4 = -4*i. Determine d(i).
4
Suppose 0 = -2*l + 2*d, -2*l = 4*d - 14 - 10. Suppose -n = -l*n + 6. Let g(v) = -v**3 + 2*v**2 - 2*v. Determine g(n).
-4
Let d(o) = -4*o**2 + 2*o**2 - 1 - 2*o + 3 + 0*o**2. Calculate d(-3).
-10
Let o(t) = 11 - 5 - 3 + t**2. Give o(0).
3
Let t(s) be the first derivative of s**4/4 - 7*s**3/3 + 7*s + 18. Determine t(7).
7
Let s be (-2)/(-8) - 34/8. Let x(o) = -2 - 2*o - 5*o**2 - 9*o**3 + 1 + 6*o**3 + 2*o**3. Calculate x(s).
-9
Let w(c) be the third derivative of -c**4/12 + 6*c**2. Suppose 3*f